3, what is -2000010110112 + -11?
-2000010110200
In base 12, what is 2 + 8775b91?
8775b93
In base 12, what is 4413 + -2b937?
-27524
In base 11, what is -1a07763 - -1?
-1a07762
In base 11, what is 41218095 - 4?
41218091
In base 12, what is -3813552b - -3?
-38135528
In base 6, what is 1152 + 4053204?
4054400
In base 13, what is -2371a + 1a9?
-23541
In base 3, what is 20121 + -1012002020112?
-1012001222221
In base 9, what is 75 - 7341563?
-7341477
In base 7, what is -510 + -3424?
-4234
In base 13, what is -1 - 1b1c886?
-1b1c887
In base 5, what is 1301 + -1133344240?
-1133342434
In base 9, what is -860 - -4028?
3058
In base 14, what is a1c1 + ab0?
ac91
In base 10, what is -5119 - 17599?
-22718
In base 2, what is -1 - 1011011101100010000?
-1011011101100010001
In base 12, what is -3b52229 + -2?
-3b5222b
In base 6, what is -31543 - 2431442?
-2503425
In base 4, what is -13 + -100121303?
-100121322
In base 2, what is -110001 + -1110111111000110?
-1110111111110111
In base 14, what is -11661 + db?
-11564
In base 8, what is -1557673177 + -4?
-1557673203
In base 11, what is 5 - -15a85984?
15a85989
In base 4, what is -21021232 + -111?
-21022003
In base 4, what is 1320121322232 + 0?
1320121322232
In base 8, what is -2467573 + 347?
-2467224
In base 6, what is 310535430 - -4?
310535434
In base 16, what is 696a62 - -6f?
696ad1
In base 5, what is 110141233 + -1?
110141232
In base 8, what is 3 + 714716522?
714716525
In base 10, what is -372 + 126989?
126617
In base 12, what is -6490743 + -a?
-6490751
In base 11, what is -2 - 558069?
-558070
In base 6, what is 32 + -2140033?
-2140001
In base 14, what is 565 + 3874?
3dd9
In base 12, what is -3 + 33b7a7?
33b7a4
In base 2, what is -10101110010 + -1011101111100?
-1110011101110
In base 13, what is 55484 + 6c?
55523
In base 11, what is 298a048 - 4?
298a044
In base 7, what is 10252424 + -1?
10252423
In base 9, what is -2 + -600258?
-600261
In base 10, what is 6713 - -795?
7508
In base 11, what is 0 + 115031a8?
115031a8
In base 3, what is 220200 - -2221222121?
2222220021
In base 11, what is 108500 - -a?
10850a
In base 2, what is 101 + -10000100111011111110010011111?
-10000100111011111110010011010
In base 4, what is -13202 + -1323300?
-2003102
In base 15, what is -9ec8a + -aa?
-9ed45
In base 2, what is 1011011001000001 - -11000001011?
1011110001001100
In base 12, what is 55921b65 + -4?
55921b61
In base 4, what is -1221030 - -10021220?
2200130
In base 13, what is -34b03c7 - -1?
-34b03c6
In base 10, what is -68 + -124277?
-124345
In base 4, what is 0 + 33301333010?
33301333010
In base 15, what is 1358 - 14c59?
-13901
In base 9, what is -76 - 1415176?
-1415263
In base 12, what is 8bb5a2 - -4?
8bb5a6
In base 15, what is 2407623 - 20?
2407603
In base 2, what is -1111 + 10000110000100000001?
10000110000011110010
In base 10, what is -3303 + 13310?
10007
In base 3, what is -2 + 22200220010022?
22200220010020
In base 10, what is 1513 + -124501?
-122988
In base 3, what is -20 + -1221110210201112?
-1221110210201202
In base 9, what is 21 - 246073?
-246052
In base 7, what is -633034 + 601?
-632133
In base 13, what is -2 - -1b17ca9?
1b17ca7
In base 5, what is 2110 + 141040?
143200
In base 14, what is 28c - 51d29?
-51a7b
In base 16, what is 3 - -478e03?
478e06
In base 15, what is -9c7e747 + 0?
-9c7e747
In base 15, what is -37e - 15bd9?
-16068
In base 4, what is -233 + 1020332301?
1020332002
In base 13, what is 5 - -3c05218?
3c05220
In base 16, what is 8 + -44c3d91?
-44c3d89
In base 4, what is 111 - -1102221333?
1102222110
In base 8, what is -17 + 45243322?
45243303
In base 4, what is -2000 - -3213203331?
3213201331
In base 7, what is -11 + -323265331?
-323265342
In base 16, what is 3 + 2c8a3c?
2c8a3f
In base 15, what is -5 + 29010d?
290108
In base 12, what is -25a733 + 145?
-25a5aa
In base 12, what is -6b50 - -377ab?
3085b
In base 4, what is 100031301012 - 10?
100031301002
In base 4, what is -22023012 - -13113?
-22003233
In base 11, what is 38 + 174379?
174406
In base 15, what is 5 + -2bcb6c?
-2bcb67
In base 6, what is -410134 - -32333?
-333401
In base 2, what is 1111 + -110011000111110011011?
-110011000111110001100
In base 15, what is -1a - b27610?
-b2762a
In base 10, what is -229 - 5362?
-5591
In base 9, what is -5 + 404730?
404724
In base 3, what is -2 + 2211221201022?
2211221201020
In base 16, what is -392395 + 31?
-392364
In base 6, what is -40312024 - 331?
-40312355
In base 3, what is -212022022122 - 112?
-212022100011
In base 2, what is -100 - 10011101011011111111?
-10011101011100000011
In base 14, what is -15b6632 - -1?
-15b6631
In base 5, what is -1233212103 - 2324?
-1233214432
In base 16, what is -f9 - -160cf?
15fd6
In base 5, what is -404140 - 3013?
-412203
In base 9, what is 21742531 - 8?
21742522
In base 14, what is 6bb9a25 + 0?
6bb9a25
In base 4, what is 120 + 13021120210?
13021120330
In base 12, what is -26 + 96a21?
969b7
In base 7, what is 424 - 1000646?
-1000222
In base 15, what is -25ea8 - -9c8?
-254d0
In base 7, what is -664120 - 233?
-664353
In base 10, what is 123681070 - 6?
123681064
In base 12, what is 1b5a42a4 + -5?
1b5a429b
In base 12, what is -37a604 - a6?
-37a6aa
In base 4, what is 21310120133 - 13?
21310120120
In base 5, what is 442403001 - -2?
442403003
In base 6, what is 10125133425 - 2?
10125133423
In base 11, what is 455 - -43645?
43a9a
In base 8, what is 3175 + -155154?
-151757
In base 11, what is 908633 + -2?
908631
In base 15, what is -c6e7636 - 0?
-c6e7636
In base 14, what is 3 - 8b4c34?
-8b4c31
In base 4, what is 2123112102 + 1?
2123112103
In base 10, what is 266126 - -690?
266816
In base 3, what is 12 - 1022010010212110?
-1022010010212021
In base 7, what is -126315 - -2102?
-124213
In base 9, what is -2 + -635283?
-635285
In base 12, what is 435 + -2b2029?
-2b17b4
In base 9, what is 84340 + 5454?
100804
In base 7, what is 5 + 14045632?
14045640
In base 11, what is -975 - 49024?
-49999
In base 6, what is 231 - 230022?
-225351
In base 15, what is 880 + 28246?
28ac6
In base 14, what is -131 + 28bd7?
28aa6
In base 3, what is 11222112212 - -110?
11222120022
In base 12, what is 3 - -12591457?
1259145a
In base 12, what is 1427 + 1065b?
11a86
In base 6, what is 2133445212 + 4?
2133445220
In base 8, what is 255 + -1624626?
-1624351
In base 14, what is 2718 + a42?
335a
In base 11, what is -a9 + -788a2?
-789a0
In base 4, what is -11 - 103012310130?
-103012310201
In base 16, what is 28f1d - 2?
28f1b
In base 12, what is 3 + -7b8800?
-7b87b9
In base 15, what is 2024d92 - -1b?
2024dad
In base 14, what is 1 + -2797b5?
-2797b4
In base 2, what is -1 + 1010001011100100010100011?
1010001011100100010100010
In base 9, what is -1616302 + -2?
-1616304
In base 16, what is -37d504 + -4?
-37d508
In base 7, what is -2366245 - -21?
-2366224
In base 12, what is -224 - 7487?
-76ab
In base 13, what is -12cbb11 - 0?
-12cbb11
In base 5, what is 10210341 - -203032?
10413423
In base 16, what is f0 - 5c2b4?
-5c1c4
In base 8, what is -1115 - -20565?
17450
In base 5, what is -22 + 30032202223?
30032202201
In base 12, what is -57094a - 469?
-5711b7
In base 4, what is 3032 + -30201131302?
-30201122210
In base 4, what is -33 - 101321103120?
-101321103213
In base 11, what is 158671 + -30?
158641
In base 15, what is -2 - 25c8b53?
-25c8b55
In base 11, what is 14394 - -2512?
168a6
In base 8, what is -4453 - 1056756?
-1063431
In base 16, what is -ea521a - -2?
-ea5218
In base 6, what is -14055 - -44?
-14011
In base 11, what is 2 - 4a866836?
-4a866834
In base 6, what is -52303 - -140112?
43405
In base 13, what is 300690b2 + 2?
300690b4
In base 6, what is -155014 + 403?
-154211
In base 16, what is -5 + 1ec8ba?
1ec8b5
In base 15, what is 9c5 + 58018?
589dd
In base 14, what is 7a + -c66934?
-c66898
In base 7, what is -500150 + 50?
-500100
In base 11, what is -a - 27557936?
-27557945
In base 12, what is 4345487 + -6?
4345481
In base 15, what is -2c + cd59?
cd2c
In base 11, what is 1097456 + 23?
1097479
In base 5, what is 2 + 3204334202?
3204334204
In base 16, what is -5 - -8525d9?
8525d4
In base 8, what is -114 - 14030172?
-14030306
In base 6, what is 0 - -115145350?
115145350
In base 9, what is -10860518 + -47?
-10860566
In base 12, what is 5a + -48180?
-48122
In base 5, what is 1022 - -210434?
212011
In base 3, what is -2221222110 + 110021020?
-2